is the greatest common divisor of y and 228?
12
Suppose -3*j - 522 + 219 = 0. Let k = j + 369. Suppose -l - 2*o + 84 = -3*o, -3*l - o = -k. Calculate the greatest common divisor of 8 and l.
8
Let l be (23/(-3))/(6/18). Let s = l + 46. What is the greatest common divisor of 92 and s?
23
Let g be (-9)/(-7) + 2/(-7). Let w be -3*(1 - 2/g). Let t = -2 + 4. What is the greatest common factor of w and t?
1
Suppose 0*w - 50 = -2*w. Suppose 0 = -4*h + 8, 0 = -3*r + 2*h + 2*h + 7. What is the greatest common divisor of r and w?
5
Let m(j) = j**3 + 20. Let l be m(0). Calculate the greatest common divisor of 220 and l.
20
Suppose -3 = -i - 0. Let v be (2/4)/1*6. Calculate the greatest common divisor of v and i.
3
Suppose 2*w + 4*k + 0*k = 0, -4*w = 3*k - 10. Calculate the greatest common divisor of w and 6.
2
Let z(n) = -4*n**3 + n**2 + n. Let j be z(-1). Suppose -168 = -2*k - j*k. What is the highest common factor of k and 7?
7
Let m = 27 + -17. Suppose -7*s + 3*s = -12. Suppose s*u + 220 = 5*u. What is the highest common divisor of m and u?
10
Let l be (-6)/(-3) + 55/2*2. What is the highest common divisor of 114 and l?
57
Let j = 5 + -5. Suppose j = -t + 1 - 7. Let x = -4 - t. Calculate the greatest common factor of 2 and x.
2
Let x(t) be the first derivative of -80*t**3/3 - t**2 - t + 1. Let o be x(-1). Let p = o + 133. What is the highest common factor of p and 6?
6
Let a be (-2 + -4)/(9 + -11). Suppose -a*x = -3 - 12. What is the highest common factor of x and 2?
1
Suppose -4*x = -0*x. Let u be (2 + x - 3)*-3. Let c(q) = -q**3 + 5*q**2 - 4*q + 1. Let k be c(u). Calculate the highest common factor of k and 7.
7
Let o be 8/((1 - -3) + -2). Calculate the highest common divisor of 32 and o.
4
Let x(w) = 6*w - w**2 + 15 - 5 - w**2 + 4*w**2. Let q be x(-8). What is the greatest common factor of q and 10?
10
Suppose 11*m - 6*m = 15. Suppose -4*p - 32 = -x, m*p - 56 + 5 = -3*x. What is the greatest common divisor of x and 10?
10
Let m = 3 - 0. Suppose 285 = m*s - 4*o, -4*s - s - o + 452 = 0. Calculate the greatest common factor of 13 and s.
13
Let s(z) = z**3 - 2*z**2 + 2*z**2 + 5*z**2 - 8*z - 6. Let k be s(-6). What is the greatest common factor of k and 48?
6
Let g = 98 + -53. Suppose 0*b - g = 3*b. Let x be 20/6*(-504)/b. What is the highest common divisor of 14 and x?
14
Let z be -3 + 35 + 2 + 1. Calculate the greatest common divisor of z and 14.
7
Let y(x) = -x**3 + 8*x**2 - 9*x + 7. Let i = 9 + -2. Let m be y(i). Let z(h) = h**2 + 3*h - 6. Let d be z(m). Calculate the highest common divisor of 55 and d.
11
Suppose -16*f + 14*f = -126. What is the highest common factor of f and 14?
7
Let i(t) = -t**3 - t**2 + 5*t - 1. Suppose m = 3*m - 6. Suppose -2*n = m*n + 20. Let p be i(n). What is the highest common factor of p and 3?
3
Let t be 5 - 0*(-2)/4. Suppose t*z - 47 = -2. Let b = z - -19. Calculate the highest common divisor of 42 and b.
14
Let a = 107 + -89. Suppose 3*w = -82 + 217. What is the greatest common divisor of a and w?
9
Let w be (-3*(-20)/(-2))/(-1). What is the highest common divisor of 12 and w?
6
Let r(k) = -2*k + 2. Let q be r(-2). Let m = q - -1. Suppose -2*d + 5*d = -12, 2*d + 29 = 3*h. What is the greatest common factor of m and h?
7
Suppose -b = -2*b + 19. Suppose -b = -2*g + k, -4*g = -0*g - k - 39. Suppose o + o - g = 0. What is the highest common factor of 20 and o?
5
Let v be (2/(-5))/((-3)/60). Suppose -2*i - 2 = -v. Suppose -665 = 3*w - 6*w - m, -i*w + 3*m = -645. What is the greatest common divisor of w and 20?
20
Let h = 614 + -584. Let q be 9 + (-1*2)/(-2). Calculate the highest common factor of h and q.
10
Let a(n) = 2 + 5*n - 4 - 7*n**2 + 2*n**3 + n**3 - 4*n**3. Let y be a(-8). What is the greatest common divisor of 110 and y?
22
Let c = 167 + -107. Let a(x) = 29*x + 5. Let j(u) = -u - 1. Let z(b) = -a(b) - 4*j(b). Let g be z(-1). What is the greatest common divisor of g and c?
12
Let g be (-1224)/(-90) + 2/5. Let o = 229 + 275. Suppose 2*j + 2*j = o. What is the highest common divisor of g and j?
14
Suppose 3*w + w - 92 = 0. Suppose 0 = 2*j - 5 + 13, 2*j = 2*n - 146. What is the highest common divisor of n and w?
23
Let f = -10 + 13. Suppose f*t = 7*t - 44. Calculate the greatest common divisor of t and 11.
11
Suppose 7 = -b + 13. What is the highest common divisor of b and 54?
6
Let b be 1*4/10 - (-106)/10. Calculate the highest common divisor of b and 55.
11
Let n(i) = -2*i**3 + 2*i**2 + 7*i - 6. Let s(b) = -b**3 - b + 1. Let d(y) = n(y) + 6*s(y). Let p be d(-1). What is the greatest common divisor of 81 and p?
9
Let i = 2 + 5. Calculate the highest common factor of i and 21.
7
Let z = 49 - 22. Calculate the highest common factor of 9 and z.
9
Let q = 7 - -17. Suppose 13*y - 120 = 11*y. Calculate the greatest common divisor of q and y.
12
Let x(f) = 4*f - 2. Let o be x(5). Let i = 36 - 0. What is the highest common factor of o and i?
18
Let s = 17 + 93. Calculate the highest common factor of 22 and s.
22
Let t(f) = f**2 - 5*f + 6. Let w be t(7). Suppose -k + 15 = -w. What is the highest common factor of 280 and k?
35
Let y be 5/(-4) - 3/(-12). Let r be y + 0 + 7 + 0. What is the highest common divisor of 66 and r?
6
Let s be 27/(-4) + 1/(-4). Suppose -5*g + 1 + 94 = 0. Let a = s + g. Calculate the highest common divisor of a and 24.
12
Let j be 2/5*5*1. Let q(f) = 6*f**2 - 4*f. Let i be q(-4). Suppose -3*l + 336 = r + 2*r, -l = j*r - i. Calculate the greatest common divisor of 14 and l.
14
Let t(x) = -x**3 - x**2 + 5. Let o be t(0). Let p = 9 - 0. Let s = p + -4. Calculate the highest common divisor of s and o.
5
Suppose 2*r + 2 = 4*r. Let n = r + 0. Let o = 6 - n. What is the highest common factor of o and 35?
5
Let t be 34*1/4*20. Suppose 5*u + t = 5*z, -u + 4*u + 12 = 0. Suppose 7*g - 17*g = -200. What is the highest common factor of g and z?
10
Let c be (-4)/(-4)*-8 + -1. Let i(f) = -13 - 3*f + f**3 + f + 0*f + 9*f**2. Let g be i(c). What is the greatest common factor of 35 and g?
5
Let r(x) = x**3 - 34*x**2 - 35*x + 5. Let g be r(35). Let o = 0 - -2. Calculate the greatest common divisor of o and g.
1
Suppose w - 27 = -2*w. Let y = 22 - -72. Suppose y = 5*o - 86. Calculate the highest common factor of o and w.
9
Suppose -3*k = -3*b + 13 - 4, -2*b - 2*k = -6. Let g be -2 + -1 + 4 + 2. What is the highest common factor of b and g?
3
Let p = -2 + 7. Suppose 2*x + p*f = -2*x + 48, 84 = 4*x - 4*f. Calculate the highest common divisor of 51 and x.
17
Suppose q - 32 = -21. What is the greatest common factor of 22 and q?
11
Let o = 16 - 10. Suppose 8 + 2 = -2*r. Let s = r + 8. Calculate the greatest common factor of o and s.
3
Let s(q) = q**3 - 14*q**2 + 4*q. Let o be s(14). Calculate the greatest common factor of o and 12.
4
Let g be (-159)/6*1*4. Let t = 157 + g. Let s(b) = 10*b**2 - 3*b. Let a be s(2). What is the highest common divisor of t and a?
17
Let o be (-2)/6 + 181/3. Let y(s) = -s**2. Let q be y(0). Suppose 2*v = -d + 25, -3*v = -3*d - q*v + 30. What is the highest common divisor of d and o?
15
Let f = -91 + 166. Calculate the greatest common factor of f and 25.
25
Let r = 72 - 45. Calculate the greatest common divisor of 9 and r.
9
Let u be 1532/(-4) - (-3 + 0). Suppose 0 = 4*s - 5*l - 43, 5*s = -0*s - 3*l + 63. Let h be u/(-6) + s/18. What is the highest common factor of 8 and h?
8
Suppose -2*a - 3*a + 125 = 0. Calculate the highest common factor of 50 and a.
25
Suppose -k + 52 + 38 = 5*j, -5*k = 0. Let v = j + 0. What is the highest common divisor of v and 9?
9
Let s(j) = j**3 - 10*j**2 + 8*j. Let l be s(10). Calculate the highest common divisor of 16 and l.
16
Let x(k) = 7*k - 1. Let m be x(3). Suppose -19*c + m*c = 7. Let l be 332/6 - (-4)/6. Calculate the greatest common factor of l and c.
7
Let w(a) = -25*a + a**3 - 2*a**2 + 1 + 44*a - 24*a + 5. Let r be (-1 + 2)/1 + 3. Let k be w(r). What is the greatest common factor of 27 and k?
9
Let g(o) = -167*o**3 + 1. Let p be g(-1). Let a = -38 - -59. What is the highest common divisor of a and p?
21
Suppose -3*f - z = 13 - 59, f - 5*z - 26 = 0. Suppose 5*o + 0*o = 5. Let t be (1 + -3)/(o/(-4)). What is the greatest common divisor of f and t?
8
Let y be (420/14)/((-1)/(-1)). Calculate the highest common factor of y and 30.
30
Let t = 30 + -22. Calculate th